{"version":"1.0","type":"rich","width":"560px","height":"140px","title":"Amor de perdi\u00e7\u00e3o &#8211; 31. Sim\u00e3o reflete sobre a sua situa\u00e7\u00e3o","url":"https:\/\/radiolinguas.eu\/2026\/02\/19\/amor-de-perdicao-31-simao-reflete-sobre-a-sua-situacao\/","author_name":"Radio Linguas - A radio da EOI de Vigo","author_url":"https:\/\/radiolinguas.eu","thumbnail_url":"https:\/\/radiolinguas.eu\/wp-content\/uploads\/podlove-media\/amor_de_perdicao_31.jpg","html":"<iframe width=\"560px\" height=\"140px\" src=\"https:\/\/radiolinguas.eu\/2026\/02\/19\/amor-de-perdicao-31-simao-reflete-sobre-a-sua-situacao\/?standalonePlayer\"><\/iframe>"}

Amor de perdição &#8211; 31. Simão reflete sobre a sua situação
